{"id":8047,"date":"2026-01-19T16:14:21","date_gmt":"2017-06-07T14:21:00","guid":{"rendered":"http:\/\/evently.mikado-themes.com\/?page_id=5050"},"modified":"2026-01-19T19:52:28","modified_gmt":"2026-01-19T19:52:28","slug":"sede-2","status":"publish","type":"page","link":"https:\/\/congresogtc.costosperu.com\/index.php\/sede-2\/","title":{"rendered":"Sede"},"content":{"rendered":"<div class=\"wpb-content-wrapper\"><p>[vc_row row_content_width=\u00bbgrid\u00bb css=\u00bb.vc_custom_1768838139247{padding-top: 50px !important;padding-bottom: 66px !important;}\u00bb][vc_column width=\u00bb1\/3&#8243;][vc_empty_space][vc_column_text css=\u00bb\u00bb]<\/p>\n<h5><strong>Hotel Jos\u00e9 Antonio Deluxe<\/strong><\/h5>\n<p>Calle Bellavista 133, Miraflores. Lima \u2013 Per\u00fa.<\/p>\n<p>El Congreso se llevar\u00e1 a cabo en el Hotel Jos\u00e9 Antonio Deluxe, ubicado en el coraz\u00f3n de Miraflores, uno de los distritos m\u00e1s emblem\u00e1ticos y tur\u00edsticos de Lima, Per\u00fa.<\/p>\n<p>Esta vibrante zona costera combina modernidad, historia y cultura, ofreciendo una gran variedad de opciones gastron\u00f3micas, comerciales y recreativas.<\/p>\n<p>El hotel brinda ambientes confortables y servicios de alta calidad ideales para eventos corporativos.[\/vc_column_text][\/vc_column][vc_column width=\u00bb2\/3&#8243;][vc_single_image image=\u00bb8048&#8243; img_size=\u00bblarge\u00bb css=\u00bb\u00bb][\/vc_column][\/vc_row]<\/p>\n<\/div>","protected":false},"excerpt":{"rendered":"<p>[vc_row row_content_width=\u00bbgrid\u00bb css=\u00bb.vc_custom_1768838139247{padding-top: 50px !important;padding-bottom: 66px !important;}\u00bb][vc_column width=\u00bb1\/3&#8243;][vc_empty_space][vc_column_text css=\u00bb\u00bb] Hotel Jos\u00e9 Antonio Deluxe Calle Bellavista 133, Miraflores. Lima \u2013 Per\u00fa. El Congreso se llevar\u00e1 a cabo en el Hotel Jos\u00e9 Antonio Deluxe, ubicado en el coraz\u00f3n de Miraflores, uno de [&hellip;]<\/p>\n","protected":false},"author":1,"featured_media":0,"parent":0,"menu_order":0,"comment_status":"closed","ping_status":"closed","template":"full-width.php","meta":{"footnotes":""},"class_list":["post-8047","page","type-page","status-publish","hentry"],"_links":{"self":[{"href":"https:\/\/congresogtc.costosperu.com\/index.php\/wp-json\/wp\/v2\/pages\/8047","targetHints":{"allow":["GET"]}}],"collection":[{"href":"https:\/\/congresogtc.costosperu.com\/index.php\/wp-json\/wp\/v2\/pages"}],"about":[{"href":"https:\/\/congresogtc.costosperu.com\/index.php\/wp-json\/wp\/v2\/types\/page"}],"author":[{"embeddable":true,"href":"https:\/\/congresogtc.costosperu.com\/index.php\/wp-json\/wp\/v2\/users\/1"}],"replies":[{"embeddable":true,"href":"https:\/\/congresogtc.costosperu.com\/index.php\/wp-json\/wp\/v2\/comments?post=8047"}],"version-history":[{"count":3,"href":"https:\/\/congresogtc.costosperu.com\/index.php\/wp-json\/wp\/v2\/pages\/8047\/revisions"}],"predecessor-version":[{"id":8050,"href":"https:\/\/congresogtc.costosperu.com\/index.php\/wp-json\/wp\/v2\/pages\/8047\/revisions\/8050"}],"wp:attachment":[{"href":"https:\/\/congresogtc.costosperu.com\/index.php\/wp-json\/wp\/v2\/media?parent=8047"}],"curies":[{"name":"wp","href":"https:\/\/api.w.org\/{rel}","templated":true}]}}