{"id":5050,"date":"2017-06-07T14:21:00","date_gmt":"2017-06-07T14:21:00","guid":{"rendered":"http:\/\/evently.mikado-themes.com\/?page_id=5050"},"modified":"2026-01-19T19:53:05","modified_gmt":"2026-01-19T19:53:05","slug":"organizador","status":"publish","type":"page","link":"https:\/\/congresogtc.costosperu.com\/index.php\/organizador\/","title":{"rendered":"Organizador"},"content":{"rendered":"<div class=\"wpb-content-wrapper\"><p>[vc_row row_content_width=\u00bbgrid\u00bb css=\u00bb.vc_custom_1768838139247{padding-top: 50px !important;padding-bottom: 66px !important;}\u00bb][vc_column width=\u00bb1\/2&#8243;][vc_single_image image=\u00bb8040&#8243; img_size=\u00bblarge\u00bb css=\u00bb\u00bb][vc_empty_space][vc_column_text css=\u00bb\u00bb]<strong>Mas de 30 a\u00f1os impulsando la evoluci\u00f3n de la construcci\u00f3n<\/strong><\/p>\n<p>El GTC 2026 es organizado por COSTOS Soluciones, empresa especializada en informaci\u00f3n, formaci\u00f3n ejecutiva y organizaci\u00f3n de eventos t\u00e9cnicos para el sector construcci\u00f3n, con m\u00e1s de 30 a\u00f1os de trayectoria acompa\u00f1ando la evoluci\u00f3n de la industria en el Per\u00fa y la regi\u00f3n.<\/p>\n<p>A lo largo de este camino, COSTOS ha desarrollado congresos y espacios de alto nivel que se distinguen por su enfoque aplicado, la calidad t\u00e9cnica de los contenidos y la participaci\u00f3n de referentes nacionales e internacionales, generando impacto real en la forma de gestionar y ejecutar proyectos.[\/vc_column_text][\/vc_column][vc_column width=\u00bb1\/2&#8243;][vc_single_image image=\u00bb8041&#8243; img_size=\u00bbfull\u00bb css=\u00bb\u00bb][\/vc_column][\/vc_row][vc_row row_content_width=\u00bbgrid\u00bb css=\u00bb.vc_custom_1768838566510{padding-bottom: 66px !important;}\u00bb][vc_column][vc_column_text css=\u00bb\u00bb]<\/p>\n<h4 style=\"text-align: left;\">COSTOS ha organizado y coorganizado algunos de los principales eventos t\u00e9cnicos de la industria, entre ellos:<\/h4>\n<p>[\/vc_column_text][vc_empty_space][vc_single_image image=\u00bb8044&#8243; img_size=\u00bbfull\u00bb css=\u00bb\u00bb][\/vc_column][\/vc_row]<\/p>\n<\/div>","protected":false},"excerpt":{"rendered":"<p>[vc_row row_content_width=\u00bbgrid\u00bb css=\u00bb.vc_custom_1768838139247{padding-top: 50px !important;padding-bottom: 66px !important;}\u00bb][vc_column width=\u00bb1\/2&#8243;][vc_single_image image=\u00bb8040&#8243; img_size=\u00bblarge\u00bb css=\u00bb\u00bb][vc_empty_space][vc_column_text css=\u00bb\u00bb]Mas de 30 a\u00f1os impulsando la evoluci\u00f3n de la construcci\u00f3n El GTC 2026 es organizado por COSTOS Soluciones, empresa especializada en informaci\u00f3n, formaci\u00f3n ejecutiva y organizaci\u00f3n de eventos t\u00e9cnicos [&hellip;]<\/p>\n","protected":false},"author":1,"featured_media":0,"parent":0,"menu_order":0,"comment_status":"closed","ping_status":"closed","template":"full-width.php","meta":{"footnotes":""},"class_list":["post-5050","page","type-page","status-publish","hentry"],"_links":{"self":[{"href":"https:\/\/congresogtc.costosperu.com\/index.php\/wp-json\/wp\/v2\/pages\/5050","targetHints":{"allow":["GET"]}}],"collection":[{"href":"https:\/\/congresogtc.costosperu.com\/index.php\/wp-json\/wp\/v2\/pages"}],"about":[{"href":"https:\/\/congresogtc.costosperu.com\/index.php\/wp-json\/wp\/v2\/types\/page"}],"author":[{"embeddable":true,"href":"https:\/\/congresogtc.costosperu.com\/index.php\/wp-json\/wp\/v2\/users\/1"}],"replies":[{"embeddable":true,"href":"https:\/\/congresogtc.costosperu.com\/index.php\/wp-json\/wp\/v2\/comments?post=5050"}],"version-history":[{"count":5,"href":"https:\/\/congresogtc.costosperu.com\/index.php\/wp-json\/wp\/v2\/pages\/5050\/revisions"}],"predecessor-version":[{"id":8039,"href":"https:\/\/congresogtc.costosperu.com\/index.php\/wp-json\/wp\/v2\/pages\/5050\/revisions\/8039"}],"wp:attachment":[{"href":"https:\/\/congresogtc.costosperu.com\/index.php\/wp-json\/wp\/v2\/media?parent=5050"}],"curies":[{"name":"wp","href":"https:\/\/api.w.org\/{rel}","templated":true}]}}